7022 a multiple of 9?
False
Is 126 a factor of 34011306?
True
Is 1932 a factor of 2564082419?
False
Is 113 a factor of 429259654?
True
Is 8739346 a multiple of 136?
False
Is 156356 a multiple of 388?
False
Is 12 a factor of 2546951481?
False
Is 69736490 a multiple of 1032?
False
Is 56923015 a multiple of 3091?
False
Is 7 a factor of 56095732?
True
Is 80 a factor of 22246717?
False
Is 98 a factor of 23569784?
True
Is 168900960 a multiple of 920?
True
Is 298645200 a multiple of 1400?
True
Is 1471958644 a multiple of 268?
True
Is 634 a factor of 31405824?
True
Is 3793 a factor of 111530102?
False
Is 176 a factor of 5625331321?
False
Is 227301655 a multiple of 3543?
False
Is 569 a factor of 48068617?
False
Is 325427389 a multiple of 167?
True
Is 261573160 a multiple of 1009?
True
Does 53 divide 284203437?
True
Is 302 a factor of 4576810?
True
Does 1396 divide 59447952?
False
Does 779 divide 5685142?
True
Is 1396 a factor of 83834866?
False
Is 481 a factor of 33674329?
True
Does 1409 divide 4845551?
True
Is 1042 a factor of 339723323?
False
Is 124099480 a multiple of 284?
True
Does 7 divide 478472824?
False
Is 12535320 a multiple of 60?
True
Is 855260 a multiple of 41?
True
Is 4740 a factor of 373263149?
False
Is 21 a factor of 842747292?
False
Is 22 a factor of 75044085?
False
Is 149 a factor of 83838715?
False
Is 672 a factor of 265440000?
True
Does 30 divide 1525458570?
True
Is 12 a factor of 30484980?
True
Is 163524271 a multiple of 73?
False
Does 62 divide 334823909?
False
Does 17 divide 30924530?
True
Is 395890625 a multiple of 24?
False
Does 892 divide 6811563544?
True
Is 21 a factor of 248944734?
False
Is 509 a factor of 9742769?
True
Does 350 divide 540375810?
False
Is 2374 a factor of 101338938?
True
Does 1639 divide 469568583?
True
Does 9016 divide 8466024?
True
Does 24 divide 686504440?
False
Does 24 divide 82928688?
True
Is 67446452 a multiple of 62?
True
Does 241 divide 303935139?
False
Does 178 divide 2607194480?
True
Is 24 a factor of 646324200?
True
Does 32 divide 1432722?
False
Is 380 a factor of 13617624?
False
Does 2844 divide 11722968?
True
Is 462 a factor of 14153835?
False
Is 8 a factor of 689215849?
False
Does 115 divide 386200486?
False
Is 1100 a factor of 452305700?
True
Is 86 a factor of 7338208?
True
Is 174942547 a multiple of 198?
False
Does 247 divide 29537742?
True
Is 203725203 a multiple of 2123?
True
Is 283 a factor of 3765630828?
True
Is 1293 a factor of 167973630?
True
Does 10 divide 1574106391?
False
Is 163840692 a multiple of 59?
False
Does 806 divide 59604506?
True
Does 14 divide 342306328?
True
Does 20 divide 2942535220?
True
Does 19 divide 1228063214?
True
Is 111509159 a multiple of 61?
True
Does 796 divide 5109524?
True
Is 62 a factor of 6418178?
True
Is 208 a factor of 10109677?
False
Is 180 a factor of 788777457?
False
Does 16 divide 2793227348?
False
Does 14 divide 1509914609?
False
Is 56 a factor of 897909765?
False
Does 977 divide 2096468094?
True
Is 2096683248 a multiple of 28?
False
Does 13 divide 58981429?
True
Does 2531 divide 761608754?
False
Does 3548 divide 515070256?
True
Does 5 divide 156741655?
True
Is 10998928 a multiple of 16?
True
Is 125 a factor of 1803461500?
True
Is 235165777 a multiple of 4549?
False
Is 625 a factor of 52015625?
True
Is 689 a factor of 53918632?
False
Is 20 a factor of 1739867?
False
Does 235 divide 68870745?
True
Is 833390528 a multiple of 574?
False
Is 111 a factor of 4695679?
False
Does 63 divide 3080809?
False
Is 107345948 a multiple of 39?
False
Does 18 divide 379377951?
False
Is 424138 a multiple of 11?
True
Is 21 a factor of 3639638?
False
Is 156731598 a multiple of 492?
False
Does 158 divide 56171768?
False
Is 213 a factor of 3870881376?
True
Is 340650688 a multiple of 56?
True
Is 361 a factor of 1153311970?
True
Is 1076 a factor of 117692880?
True
Is 435893830 a multiple of 10?
True
Is 256 a factor of 29743570?
False
Does 135 divide 5904853326?
False
Is 342074335 a multiple of 347?
True
Is 76 a factor of 34001792?
True
Does 37 divide 2261039312?
False
Is 358742528 a multiple of 64?
True
Is 223 a factor of 14522659?
False
Is 168 a factor of 10098791?
False
Is 92 a factor of 437336341?
False
Is 1956749856 a multiple of 24?
True
Is 72 a factor of 258390432?
True
Is 14 a factor of 2311242860?
False
Is 74 a factor of 159165791?
False
Is 8 a factor of 8446225?
False
Is 26737425 a multiple of 143?
True
Does 20 divide 14268718?
False
Is 3200 a factor of 43398400?
True
Is 17936848 a multiple of 124?
True
Is 3927119223 a multiple of 1086?
False
Is 62 a factor of 38580112?
False
Is 734626300 a multiple of 62?
False
Does 105 divide 191230620?
True
Is 286 a factor of 6142755?
False
Is 9 a factor of 87462308?
False
Does 185 divide 536746975?
True
Is 233705859 a multiple of 513?
False
Is 2 a factor of 667803154?
True
Does 38 divide 430647388?
True
Is 4 a factor of 68730784?
True
Does 1800 divide 39249669?
False
Is 4460040 a multiple of 30?
True
Is 1164322628 a multiple of 4521?
False
Is 460 a factor of 18808020?
True
Is 96995880 a multiple of 136?
True
Does 1991 divide 395115941?
True
Is 90368682 a multiple of 3529?
False
Is 1043092814 a multiple of 2746?
True
Is 236 a factor of 434677294?
False
Does 27 divide 244148893?
False
Is 145 a factor of 17246162?
False
Is 55214700 a multiple of 246?
True
Is 81086748 a multiple of 6?
True
Does 58 divide 18601528?
True
Does 145 divide 109232850?
True
Is 62250622 a multiple of 79?
False
Is 5 a factor of 42826557?
False
Is 3215828 a multiple of 53?
True
Is 34 a factor of 38018019?
False
Is 6564900 a multiple of 15?
True
Is 105393537 a multiple of 2?
False
Is 16169484 a multiple of 12?
True
Is 68178869 a multiple of 19?
False
Is 110594955 even?
False
Is 80893071 a multiple of 231?
False
Is 2109892454 a multiple of 4964?
False
Is 139641744 a multiple of 48?
True
Is 36 a factor of 9246094?
False
Does 25 divide 15058750?
True
Is 23712200 a multiple of 8?
True
Is 19850900 a multiple of 170?
True
Is 4 a factor of 193010370?
False
Is 6 a factor of 4042774?
False
Is 13 a factor of 1151463976?
True
Does 44 divide 25715944?
False
Is 24896434 a multiple of 71?
True
Does 8 divide 55682840?
True
Does 107 divide 43105913?
True
Does 32 divide 2170761256?
False
Is 1640347152 a multiple of 237?
True
Is 30 a factor of 895012890?
True
Does 15 divide 84718560?
True
Does 14 divide 117040?
True
Is 369287409 a multiple of 195?
False
Does 4872 divide 1879484904?
False
Is 1429 a factor of 644731112?
False
Does 3206 divide 197024730?
True
Is 294059876 a multiple of 2098?
True
Is 304 a factor of 10399639?
False
Is 38 a factor of 79342062?
True
Is 91288215 a multiple of 1895?
False
Is 152696536 a multiple of 1234?
False
Is 68784660 a multiple of 89?
False
Does 434 divide 9892639?
False
Is 4797 a factor of 436872384?
True
Is 21045388 a multiple of 76?
True
Is 7 a factor of 9762375?
True
Is 140 a factor of 34806833?
False
Does 7 divide 18386765?
False
Does 55 divide 2406003462?
False
Is 18 a factor of 123657642?
True
Does 464 divide 349221248?
True
Does 75 divide 841902975?
True
Is 559 a factor of 486684748?
False
Does 536 divide 43993876?
False
Is 700 a factor of 38515400?
True
Is 289 a factor of 238889134?
True
Does 50 divide 236251500?
True
Is 18 a factor of 30301668?
True
Does 632 divide 278173314?
False
Is 245930656 a multiple of 4358?
True
Does 142 divide 204220287?
False
Is 416075772 a multiple of 8?
False
Does 350 divide 103255338?
False
Does 11705 divide 1840388855?
True
Is 162393868 a multiple of 91?
True
Is 8616650 a multiple of 50?
True
Does 9 divide 736171698?
False
Is 32 a factor of 8488358?
False
Is 330 a factor of 20337900?
True
Is 33277652 a multiple of 118?
True
Does 1350 divide 653565543?
False
Is 1555908408 a multiple of 612?
True
Does 64 divide 54910464?
True
Does 834 divide 42750006?
True
Does 58 divide 131054248?
True
Does 1318 divide 118459590?
False
Does 8 divide 64162437?
False
Is 1063685327 a multiple of 11?
False
Is 17 a factor of 372079425?
True
Is 18 a factor of 143988459?
False
Is 8 a factor of 608011568?
True
Is 220 a factor of 6661174?
False
Is 12614756 a multiple of 98?
True
Does 152 divide 2857416840?
True
Is 7 a factor of 54394123?
True
Is 780162492 a multiple of 62?
True
Is 4 a factor of 7945696?
True
Does 262 divide 25605850